{"id":438,"date":"2017-09-01T13:12:42","date_gmt":"2017-09-01T11:12:42","guid":{"rendered":"https:\/\/dimor.es\/?page_id=438"},"modified":"2017-09-01T14:31:15","modified_gmt":"2017-09-01T12:31:15","slug":"blog-transformacion-digital-en-pharma","status":"publish","type":"page","link":"https:\/\/dimor.es\/index.php\/blog-transformacion-digital-en-pharma\/","title":{"rendered":"Blog. Transformaci\u00f3n Digital en Pharma"},"content":{"rendered":"<p><strong>La Transformaci\u00f3n Digital revoluciona la industria farmac\u00e9uutica<\/strong><\/p>\n<p>La transformaci\u00f3n digital en salud es una palanca para el cambio de modelo de gesti\u00f3n del paciente, permitiendo una mejora de la atenci\u00f3n y una mejora de la eficacia del sistema sanitario.<\/p>\n<p>La industria farmac\u00e9utica comienza a dar sus primeros pasos en el proceso de transformaci\u00f3n digital. Es el momento de subirse al tren de las nuevas tecnolog\u00edas y aprovechar los nuevos avances tecnol\u00f3gicos para cambiar la cultura de la empresa, las formas de trabajo, la comunicaci\u00f3n y los modelos tradicionales de negocio y relaci\u00f3n con los clientes.<\/p>\n<p>En la era de la transformaci\u00f3n digital, es la era de las oportunidades, disminuyendo las diferencia entre las peque\u00f1as y grandes empresas. Por ello, es una gran oportunidad para toda la industria farmac\u00e9utica y, particularmente, para las farmacias.<\/p>\n<p>El \u00c9xito en este proceso es la\u00a0<strong>involucraci\u00f3n de todos los departamentos<\/strong>. Para ello la\u00a0<strong>formaci\u00f3n<\/strong>\u00a0es fundamental y esto es, precisamente, lo que suele fallar. Es com\u00fan pensar que incluir alguna acci\u00f3n digital en los planes de marketing es suficiente, pero no es as\u00ed\u00ad. La clave est\u00e1 en un cambio profundo en la forma de enfocar las estrategias, hay que hablar de Blended Marketing\u009d integrando lo digital con lo tradicional, porque hay que tener claro que la tecnolog\u00eda es lo que est\u00e1 impulsando esta transformaci\u00f3n, pero no es un fin en s\u00ed mismo.<\/p>\n<p>Se observa una gran apuesta, por lo tanto una digitalizaci\u00f3n muy avanzada, en aquellos laboratorios en los que la junta directiva tiene clara la importancia de este cambio de modelo. Lo mismo ocurre en las farmacias, donde observamos un porcentaje creciente que apuesta por la digitalizaci\u00f3n.<\/p>\n<p><strong>Comunicaci\u00f3n y motivaci\u00f3n a nivel interno: las claves del \u00c9xito. <\/strong><\/p>\n<p>Otro elemento clave es la\u00a0<strong>comunicaci\u00f3n<\/strong>, sobre todo, interna, pues es la base de la motivaci\u00f3n y el motor central en un proceso de cambio. De hecho, lo vemos en el mundo digital a diario, las redes sociales crecen exponencialmente y su fundamento es, precisamente, la comunicaci\u00f3n.<\/p>\n<p>&nbsp;<\/p>\n","protected":false},"excerpt":{"rendered":"<p>La Transformaci\u00f3n Digital revoluciona la industria farmac\u00e9uutica La transformaci\u00f3n digital en salud es una palanca para el cambio de modelo de gesti\u00f3n del paciente, permitiendo una mejora de la atenci\u00f3n y una mejora de la eficacia del sistema sanitario. La industria farmac\u00e9utica comienza a dar sus primeros pasos en el proceso de transformaci\u00f3n digital. Es&#8230; <\/p>\n<div class=\"link-more\"><a href=\"https:\/\/dimor.es\/index.php\/blog-transformacion-digital-en-pharma\/\">Lea m\u00e1s<\/a><\/div>\n","protected":false},"author":4,"featured_media":0,"parent":0,"menu_order":0,"comment_status":"closed","ping_status":"closed","template":"","meta":{"_mi_skip_tracking":false,"jetpack_post_was_ever_published":false},"jetpack_sharing_enabled":true,"jetpack_shortlink":"https:\/\/wp.me\/P7phdD-74","_links":{"self":[{"href":"https:\/\/dimor.es\/index.php\/wp-json\/wp\/v2\/pages\/438"}],"collection":[{"href":"https:\/\/dimor.es\/index.php\/wp-json\/wp\/v2\/pages"}],"about":[{"href":"https:\/\/dimor.es\/index.php\/wp-json\/wp\/v2\/types\/page"}],"author":[{"embeddable":true,"href":"https:\/\/dimor.es\/index.php\/wp-json\/wp\/v2\/users\/4"}],"replies":[{"embeddable":true,"href":"https:\/\/dimor.es\/index.php\/wp-json\/wp\/v2\/comments?post=438"}],"version-history":[{"count":3,"href":"https:\/\/dimor.es\/index.php\/wp-json\/wp\/v2\/pages\/438\/revisions"}],"predecessor-version":[{"id":451,"href":"https:\/\/dimor.es\/index.php\/wp-json\/wp\/v2\/pages\/438\/revisions\/451"}],"wp:attachment":[{"href":"https:\/\/dimor.es\/index.php\/wp-json\/wp\/v2\/media?parent=438"}],"curies":[{"name":"wp","href":"https:\/\/api.w.org\/{rel}","templated":true}]}}